er?
True
Is (-57317)/(-169) - (-4)/(-26) a prime number?
False
Suppose 16 + 14 = 6*u. Suppose 4*z - 37 = -3*m + 138, z + 261 = u*m. Is m prime?
True
Let s = 26155 + -18542. Is s a composite number?
True
Suppose 18045 + 26564 = 31*r. Is r a composite number?
False
Let n = -1 + 5. Suppose 1 = -r - n. Is 43*3 + r + 3 composite?
False
Let k = 44 - 30. Let u be 77/5 - ((-18)/5)/(-9). Suppose -u*v = -k*v - 263. Is v a prime number?
True
Suppose 5*x - 3*y - 9192 = 0, -2*y + 2566 + 2953 = 3*x. Suppose 0 = -5*v + 2*d + 1831, 5*v + 5*d = 3*d + x. Is v a prime number?
True
Suppose -2*z - 4*m - 27 = -m, 4*m - 12 = 0. Is (-13042)/(-12) - 3/z prime?
True
Suppose 6*m + 4506 = 12*m. Is m a prime number?
True
Let g be 6 - (3 - 1) - 2. Suppose 0*w - g*w = -794. Is w a prime number?
True
Let i = -1602 - -2389. Is i a prime number?
True
Let w(y) = -37*y - 23. Let g(s) = s. Let a(p) = 2*g(p) - w(p). Is a(10) a composite number?
True
Suppose 7*l + 33*l - 33520 = 0. Is l prime?
False
Let j = 3 - -2. Suppose 2*f + 366 = j*d, 4 = 2*d - 5*f - 134. Let c = d + -19. Is c a prime number?
False
Suppose 0 = -2*o - 0*o - 2. Let z = o - -3. Is z a prime number?
True
Let o(y) = 15*y**2 - y + 79. Is o(-24) composite?
True
Let d be ((-10)/(-4))/((-1)/(-2)). Suppose -d*j = 4*k - 1241 + 192, -5*j + 1061 = k. Suppose 3*a - 144 = j. Is a composite?
True
Let b(h) = 3*h**2 + 30*h + 3. Let p be b(-10). Suppose -5*o + 982 = 2*f - 905, 1141 = p*o - f. Is o prime?
True
Let u(z) = -z**2 - 9*z - 4. Let h be u(-8). Is h + (3*445)/3 composite?
False
Let z = -4365 - -7138. Is z a prime number?
False
Is (-4)/((-20)/(-5)) + 132*122 composite?
False
Is (-145820)/(-25) - (1 - 11/5) prime?
False
Let k(z) = 174*z**2 - 67*z + 26. Is k(27) a composite number?
False
Suppose 3*l + 278 = 5*r, 101 = 4*r + 3*l - 143. Is (r/4 + 2)*(-692)/(-6) a composite number?
True
Let s be ((-71)/(-2))/((-1)/14). Suppose k - 484 = 2*q, -956 = 4*q - 0*q - 5*k. Let h = q - s. Is h a composite number?
True
Let g(f) be the second derivative of f**3/6 - f**2/2 + 2*f. Let l be g(3). Suppose -k + 543 = l*k. Is k a prime number?
True
Suppose -4*z - 10 = 5*b + 7, 0 = -3*z - 5*b - 19. Is z - (-3002 - (-2 - 3)) a composite number?
False
Suppose 2*q - 4 - 10 = 0. Let r = q - 3. Suppose -r*z + 1038 = 202. Is z prime?
False
Let l = 10284 - 7079. Is l prime?
False
Suppose 0 = -5*z + 5*s + 30, 6*z - 3*z = 2*s + 17. Suppose -z*w + 544 = -6441. Is w a composite number?
True
Let w be (-1 - 3) + 3 + 3001. Suppose -5*g - 4388 = -4*y, -4*y - 2*g + 1388 = -w. Is y a prime number?
True
Suppose -5*d + 28519 = 2*k - 2708, -3*d = -5*k + 77990. Is k a prime number?
True
Let r(j) = 573*j + 121. Is r(6) a prime number?
True
Suppose -11148 + 2067 = -9*m. Is m a prime number?
True
Let v = 61 - 58. Suppose 5*a = -p + 1029, -v*p - 2*a + 3139 = -0*a. Is p a prime number?
True
Suppose -9*u + 6*u = -2670. Let r = u - 401. Is r a composite number?
True
Let k = 4 + 0. Suppose -567 = -k*y + 229. Is y composite?
False
Let m(f) = 1562*f - 9. Let r(z) = 781*z - 5. Let q(i) = 6*m(i) - 11*r(i). Is q(2) a prime number?
False
Let u(b) = -b**3 + 4*b**2 + 10*b - 19. Is u(-8) a composite number?
True
Suppose 2*o + 3*o + 60 = 0. Is (-8410)/o - (-17)/102 composite?
False
Suppose -5*v - 3*j - 3650 - 1210 = 0, -3*v = -4*j + 2945. Let s = -400 - v. Suppose -s = -n + 2*z, 0 = -2*n - n + 2*z + 1705. Is n composite?
True
Suppose -n + 3*n - y - 213181 = 0, 5*y = -n + 106574. Is n a prime number?
False
Let a = 891 - -4052. Suppose -a = -13*h + 842. Is h composite?
True
Let j(m) = 218*m**2 - m + 5. Let t(w) = w**2 - w - 1. Let n(r) = j(r) + 4*t(r). Is n(-2) a prime number?
False
Let c(k) = 53*k**2 + k + 1. Suppose 6*g - 2*g + 4 = 0. Let a(y) = -y**3 - 3*y**2 - y. Let o be a(g). Is c(o) a prime number?
True
Let f(u) = -2699*u - 40. Is f(-3) a composite number?
True
Let w(l) = 12*l - 10 - 17*l - 28*l. Let r be w(-6). Is (2 + r/8)*2 a prime number?
False
Suppose -9*i + 7*i = -6. Suppose 0 = i*p - 425 + 26. Is p prime?
False
Suppose 0 = -5*j + 3*r + 28547, -34*j + 29*j = 4*r - 28519. Is j prime?
False
Let z(x) be the first derivative of 41*x**4/4 - 2*x**3/3 + x**2 - 3*x + 1. Suppose -2*i + 6 = i. Is z(i) a composite number?
True
Let u be (32/64)/(1/8). Suppose -4*l - 4*k = -5024, -u*k + 737 = -3*l + 4512. Is l a prime number?
False
Suppose 18 - 4 = 7*t. Suppose t*d = d - 4*k + 441, 2*d - 910 = -k. Is d composite?
False
Let r = -13282 + 26573. Is r a composite number?
False
Is 224 + 1941 + -1 + 13 composite?
True
Let d(h) = 3881*h + 602. Is d(7) prime?
False
Is 45/(-18)*-13934 - -6 a prime number?
True
Let q(s) = 25*s**2 - 2*s. Let j be 1 + -7 + (1 - 0). Let k be -4 + (j - (-4)/1). Is q(k) a composite number?
True
Let p = 1856 - 1310. Suppose -d - 2*d + p = 0. Suppose -4*v + b + 376 = 4*b, -3*b + d = 2*v. Is v a composite number?
False
Let u(b) = 17*b**2 - 36*b + 23. Is u(24) a composite number?
False
Let z(n) = -1126*n - 73. Is z(-5) a composite number?
False
Let v = -19 + 17. Let k be (-62)/(-22) - v/11. Let g(c) = 3*c**2 + c + 1. Is g(k) a prime number?
True
Suppose -2*p = 2*b + 16, 10*p + 32 = -4*b + 12*p. Let h = -4 + 6. Is (415 - b/4) + h a composite number?
False
Let q(m) = 21*m + 4. Let i be q(6). Let b = i - 81. Is b prime?
False
Let u(j) be the third derivative of 19*j**5/30 + 7*j**4/24 + 17*j**3/6 - 41*j**2. Is u(-6) composite?
True
Suppose 5*w + 123 = 4*h, -3*w = -4*h + 2*h + 63. Let d(u) = 5 + 27*u - 42*u + h*u. Is d(4) a composite number?
False
Suppose 2*i - 3*n + 8 = 2*n, i - 7 = -3*n. Let l be 4 - (-3 - (-4 - i)). Suppose 3*o - 1181 = -2*m, -l*o = -0*o - 10. Is m composite?
True
Is -7028*(-7 + (-90)/(-12))/(-2) a composite number?
True
Suppose f + 17 = 3*x - f, f + 11 = 2*x. Suppose 0*p - 3 = -p. Suppose 3*t + p*n - 385 = x, 0 = 5*t - 2*n - 629. Is t a composite number?
False
Suppose -2*v + 13171 = 3*t, v - 6 + 7 = 0. Is t a composite number?
False
Let n(o) = o**2 + 20*o + 205. Is n(51) a prime number?
False
Suppose 0 = 2*i - 3*h - 4, -3*i = -2*h + 3 - 19. Is 16/i*((-2361)/(-6) - 0) composite?
False
Let a(q) = 6*q**2 + 5*q - 22. Suppose -2*w - 3*h - 6 = 6, 5*w = -4*h - 37. Is a(w) a prime number?
True
Suppose m - 3*m - 7173 = -l, 28686 = 4*l - 2*m. Is l a prime number?
False
Suppose 24*b - 693767 = -23*b. Is b prime?
False
Suppose 15908 = 4*u - 5*b + 3*b, 0 = 5*u + b - 19885. Is u composite?
True
Let t(u) = u**2 + 30*u + 29. Let d be t(-29). Let b(l) = 12 + 65 - l - 2*l**2 + 5. Is b(d) prime?
False
Suppose -5*s = -10*s + 16255. Is s a prime number?
True
Is 6/4*(-41292)/(-54) a composite number?
True
Let t(f) be the third derivative of 101*f**5/6 + f**4/12 + f**3/6 - 7*f**2. Let l be t(-1). Suppose 63 = -2*h + l. Is h prime?
False
Suppose -5*v + 4*v - 168 = 0. Let m = v + 703. Is m a composite number?
True
Suppose 3*t - 12 = -0*t, -4*t + 11 = -z. Suppose 4*l + z*x = 20, 0*l - 3*x + 12 = 4*l. Is 8/(-4) - l - -37 a prime number?
False
Let p = -181 - -507. Let o = -211 + p. Is o prime?
False
Let l = 1533 - 2327. Let n = -375 - l. Is n a prime number?
True
Let p(s) be the second derivative of 7/12*s**4 + 3*s**2 + 11*s + 0 + 5/6*s**3. Is p(5) composite?
True
Suppose 3*b = 102 + 231. Suppose 0*m - m + b = 0. Is m a composite number?
True
Is 1/((-3)/(-30)) - -16419 prime?
False
Let s = -4582 - -7805. Is s composite?
True
Let i be 1/2 - (-7354)/4. Is 1/2 - i/(-6) prime?
True
Let d(c) be the first derivative of 3*c**2 - 16*c - 6. Is d(9) a composite number?
True
Suppose -23016 = -3*t - 11*t. Suppose q + t = 5*q. Is q prime?
False
Let q(u) = 124*u - 7. Suppose -2 + 4 = a + 5*o, -2*a + 4 = 5*o. Suppose 2*c = -0*c + 2*d + 6, c - 12 = -a*d. Is q(c) prime?
False
Let c(s) = s + 5. Let k be 1*10 + -10 + 6. Let t(n) = 2*n + 5. Let b(v) = k*t(v) - 5*c(v). Is b(12) composite?
False
Let y = -9 + 14. Let s(q) = -q**3 + 13*q**2 - 23*q + 15. Let h be s(11). Suppose -y*b = -h*b - 37. Is b a prime number?
True
Is 2*((-30)/(-40) - 11702/(-8)) composite?
False
Let q be 108/(-8) - (-6)/4. Let t be ((-2)/6)/(2/q). Suppose t*m = 5*b + 66, 3*m - 3*b - 104 = -m. Is m a composite number?
False
Suppose -52*s + 475078 = -342726. Is s a composite number?
False
Suppose 0 = 3*q + 2*p + 21, -12 = 2*p + 2*p. Let v = q + 8. Suppose -v*g + 106 = -g. Is g composite?
False
Let u = -63 - -75. Is 3 + (3681/u)/(